number?
True
Let g be 97/(-291)*(-5 + -37). Let o(q) be the first derivative of q**4/2 - 22*q**3/3 + 21*q**2/2 - q + 1. Is o(g) a composite number?
True
Let h = -150167 - -383808. Is h prime?
True
Let q(j) = -j**3 - j**2 + j - 15. Let r be q(-3). Suppose 4*w + 1899 - 5407 = r. Is w a composite number?
False
Suppose -3*u - 3*l + 2*l = -80578, -u = 4*l - 26841. Is u composite?
False
Suppose 2*m + 5*d = 328911, -5*m + 3*d = -383371 - 438891. Is m a prime number?
False
Suppose -3*t + 15*t - 120 = 0. Let r = t + -8. Suppose b = 2, -r*v - 2213 = -5*v - b. Is v a composite number?
True
Let o be (-4845)/133 - 6/(-28)*2. Let a = o + 51. Let f(u) = -u**2 + 41*u - 17. Is f(a) prime?
True
Suppose 1080 = 2*d + 6*d. Is 27/d - (-35344)/5 prime?
True
Let w be -2 - (3 - (1 - -4)). Suppose -5*j = -w*j - 60. Is ((-24538)/j)/((-11)/66) prime?
True
Let s(k) = 124*k + 3. Let q be s(4). Suppose 2*w = -g, 49*g = 53*g - w - 9. Suppose g*j - 3*j = -q. Is j a composite number?
False
Let k = 1853 - 4907. Let y = 4835 + k. Is y composite?
True
Let w(v) = 1412*v**3 - 8*v**2 - 16*v + 19. Is w(6) prime?
False
Suppose 3*f - 217907 = 43*f - 2745547. Is f composite?
True
Let s = 27825 - 8788. Suppose 0 = 4*u - 2*b - b - s, 4*b = -3*u + 14259. Is u prime?
False
Suppose -11*m = -4*m - 105. Suppose 9*r - m*r = 0. Is 453 - (0 + r)/(-4) composite?
True
Suppose 21*u - 192 = 29*u. Let j(b) = -1124*b + 67. Is j(u) a prime number?
True
Let q be 21/14 + (-232)/(-16). Suppose 6367 = y - 5*f - 1024, -q = -4*f. Is y a composite number?
False
Suppose 2*z = 2251 + 105. Let p = z - 520. Is p*(9/(-2))/(-9) composite?
True
Suppose 23*g - 96121 = -2*d + 22*g, g + 144169 = 3*d. Is d prime?
False
Let m = 16543 - -2087. Suppose 0*y + d = 5*y - 31056, 3*y = -3*d + m. Is y a composite number?
False
Let s(h) = h**2 + 13*h + 26. Let v be s(-11). Suppose -v*n = 2*d - 1282, 4*n - 5*d - 1553 = -292. Is n composite?
True
Let s(a) = 18*a**2 + 35 + 8*a**2 - 8*a - 29. Let c be s(-7). Suppose 0*k = -3*k + 15, -2*p + c = -2*k. Is p a composite number?
False
Suppose -c - 36 = 2*c. Let v(i) be the third derivative of -i**5/60 - 25*i**4/24 + 5*i**3/6 + 6*i**2 + 29. Is v(c) a prime number?
False
Let v(c) = -62*c**2 - 10*c - 53. Let t(f) = -58*f**2 - 10*f - 53. Let a(h) = -5*t(h) + 4*v(h). Is a(-12) prime?
True
Let p(k) = 1120*k - 91. Let s(f) = -f + 9. Let r be s(3). Is p(r) prime?
False
Suppose z + 21250 = 5*y, 4*y + 10*z = 9*z + 17009. Let j = -1408 + y. Is j a composite number?
False
Let m(q) = 23794*q**2 + 102*q - 289. Is m(3) prime?
True
Suppose 11*c = 14*c - 12. Let s(m) = 79*m**3 - 6*m**2 + 4*m - 5. Is s(c) a composite number?
True
Suppose 6049212 = 22*h + 610438. Is h a prime number?
False
Let p(x) = -4887*x + 755. Is p(-18) a prime number?
True
Suppose 4*m - 8450 - 2810 = 0. Let t = -1491 - -1491. Suppose t = -26*r + 21*r + m. Is r composite?
False
Let t(c) = -17*c + 236. Let f be t(14). Is -5*1*(-6799)/65 + f a prime number?
True
Let o(l) = -l**3 - l**2 + l + 5401. Let y be 0*(8/20 - 6/40). Is o(y) prime?
False
Let u(p) = -259*p**2 + 65 - 20*p + 290*p**2 + p. Is u(5) prime?
False
Suppose 15547975 + 18836336 = 19*k + 8*k. Is k a composite number?
True
Let x = -49 + 38. Let n(a) = -6*a**2 - 8*a + 3. Let g(q) = -30*q**2 - 40*q + 16. Let y(d) = x*n(d) + 2*g(d). Is y(6) composite?
False
Let g be (4 - 130/15)/(2/(-39)). Suppose q + g = -41. Is ((-129)/6)/(-2*(-3)/q) prime?
False
Suppose -5*t + 28690 = 3*c, -3*c - 2*t = -6*c + 28718. Let a = c - 3503. Is a composite?
False
Let t(v) = -428*v + 139. Let i be t(-35). Suppose 2*l = -3*z + i, 2*z + 2*l + 915 = 10995. Is z composite?
False
Suppose -i + 5 = -7. Let f be 3 + -2 + 49 + i/4. Let p = f + -31. Is p prime?
False
Let p(c) = 8*c**3 - 6*c - 2*c - 1 + c + 10*c**2 + 0*c. Is p(6) prime?
False
Suppose 111842 = 7*j - 151785. Is j prime?
False
Let j = 47 - -107. Let m be 528/j + 1*(-6)/14. Is 6/m - (0 - 335) a prime number?
True
Suppose 111*a = 106*a + 120. Suppose -a*y = -32*y + 15448. Is y a prime number?
True
Is 3367/(-1295) - 547696/(-10) composite?
False
Let g(d) = 254*d + 114. Let t be g(-6). Let j = -779 - t. Is j prime?
True
Suppose -3*m + 44285 = 3*r + 2*r, -2*r - m + 17713 = 0. Suppose b + 3*a - 1998 - 2414 = 0, 4*a + r = 2*b. Is b composite?
False
Suppose 0 = 9*t + 2274 + 4323. Let o be t*(-3 + 4)*(-1)/1. Suppose -k + 4*n + o = 0, 2968 = 4*k - 5*n + n. Is k prime?
False
Suppose -10*w + 12*w - 42*w = -6386680. Is w a prime number?
True
Suppose 24*h = -24*h + 12*h + 2705364. Is h prime?
True
Let x be 0/(-1) + (-3288)/(-8). Let h = -329 + x. Is h prime?
False
Let r be (-11)/22 + (-6)/(-4) - -4. Suppose -l + 3*h = -h - 279, -1311 = -r*l - h. Suppose l = 3*j - 2*j. Is j composite?
False
Suppose -75*x = -71*x - 12. Suppose -x*q + 17703 = 3*a, 2*a = -a - q + 17695. Is a a prime number?
True
Suppose -75*n + 66*n + 1729168 = 47*n. Is n composite?
True
Let v be (-2 + (-28)/(-10))/(7/105). Suppose -v*x + 10*x = -232. Suppose -4*o + 7*o - x = 2*i, -189 = -5*o - i. Is o prime?
False
Let u(y) = -2 + 4 + 2 + y**3 + 36*y + 15*y**2 + 22. Is u(-12) a composite number?
True
Let t(f) = f**3 + 46*f**2 + f - 43. Is t(-41) prime?
False
Suppose -5*t + 31157 + 7076 = -3*y, 0 = -t - 2*y + 7657. Let r = -5328 + t. Is r composite?
True
Let z(c) = -53*c - 84. Let g be z(-8). Suppose -2*w + 164 = -0*w - b, 4*b - g = -4*w. Is w composite?
False
Let k(z) = 2*z + 10. Suppose -2*b + g + 2*g = 22, -29 = 5*b - g. Let h be k(b). Is (1 - h/5)/(1/1835) composite?
True
Let d = -27996 + 171677. Is d a composite number?
True
Suppose 16027 = t + 5429. Let f = t + -465. Is f composite?
False
Suppose -13*u - 52787056 = -125*u. Is u a composite number?
False
Let l(z) = -6612*z**3 - 5*z**2 - 49*z - 271. Is l(-8) a composite number?
True
Let h(u) = -114*u - 140*u + 0*u + 23. Let j be h(6). Let a = 366 - j. Is a prime?
True
Let f(q) = 4545*q + 2144. Is f(3) prime?
False
Let r(l) = 4*l + 5*l**2 + 62 + 8*l**2 + l - 3*l**2. Is r(-21) composite?
True
Suppose -3342 = -h - 2*u, -2*h - 3*u = -436 - 6243. Suppose -5*g - 4*q = -2959 - h, -5*q = 4*g - 5031. Is g a composite number?
False
Let z = -52120 - -87523. Is z composite?
True
Suppose c - 2349 = 4266. Suppose 0 = -9*o - 0*o - c. Let a = o - -1106. Is a a prime number?
False
Let a = -616 - -1392. Is (-3 + a/4)*7 a prime number?
False
Let n = -277949 + 411795. Is n a composite number?
True
Suppose 3*m - 221202 = -3*k, -19*m - 294901 = -4*k - 16*m. Is k composite?
True
Is (-12)/(-12) + (9 + -7 - (-63354 - 2)) prime?
False
Let x be (-1)/((-8)/(-60))*(-4)/(-6). Let c(n) = -3 - 2 + 5*n**2 + 5*n + 7*n**2 + 17*n**2. Is c(x) a composite number?
True
Let y = 69479 - 21874. Is y prime?
False
Let k(l) = -l. Let x be k(0). Suppose x = 99*n - 95*n + 264. Is 11/(n/4728)*22/(-8) a prime number?
False
Let m(y) = -y**2 + 20*y + 18. Let o(d) = 20*d + 19. Let z(w) = -4*m(w) + 3*o(w). Is z(-6) prime?
False
Suppose -16 = 7*q - 79. Suppose q*o = 3*o + 17526. Is o prime?
False
Suppose -17969 = -2*z + 3*q, -3*q + 35933 = 4*z - 4*q. Let n = z + -3360. Is n a prime number?
True
Let z = -8 - -13. Let a(t) = t**3 - 5*t**2 - t + 7. Let i be a(z). Suppose i*y - 325 = -3*s - 104, -549 = -5*y - 4*s. Is y a composite number?
False
Let w(t) = 3*t**2 - 4*t + 17. Let n be w(3). Is (-3)/(-2) + 560560/n composite?
False
Let h be 0 - (0/(-3) + 5). Let t be -4 + 1 + 1/1. Is 3 - t*89/(-5)*h a prime number?
True
Suppose 14*u - 13*u + 4*n - 165885 = 0, -3*u + 497715 = -3*n. Is u composite?
False
Is (-265377 - (-1 + 13))/(-3) a prime number?
True
Suppose -2*c + s + 22 = -3*s, 0 = 4*c - 4*s - 24. Let g = -141 - -139. Is 641 + -1 - (g + c) prime?
True
Suppose 44*m + 72357 = 2310446 - 205333. Is m a prime number?
True
Is ((-10188388)/(-21))/((-36)/(-27)) a composite number?
False
Let p(x) = 2390*x**3 - 63*x**2 - 2*x - 4. Is p(9) prime?
False
Suppose -2*q - 5*s - 20077 = -625709, q - 302843 = 2*s. Is q a composite number?
False
Let g be (1694/6 - 2)/((-2)/(-54)). Let t = -4637 + 1459. Let j = t + g. Is j a prime number?
True
Let b(u) = -u - 5. Let k be b(-6). Let i be 3*(30/(-20) + k/2). Is (2/i)/((-16)/2280) a prime number?
False
Suppose -3372657 = 5*d + 3*c - 11658328, -8 = c. Is d a prime number?
False
Let r(v) = -55*v - v + 206*v - 7. Is r(2) a composite number?
False
Is (-1 + (-27 - -29))/(-2*(-2)